t is the remainder when 11 is divided by 5?
1
What is the remainder when 704 is divided by 698?
6
What is the remainder when 56 is divided by 18?
2
Calculate the remainder when 3200 is divided by 11.
10
Calculate the remainder when 154 is divided by 70.
14
What is the remainder when 129 is divided by 105?
24
Calculate the remainder when 294 is divided by 48.
6
What is the remainder when 160 is divided by 28?
20
What is the remainder when 238 is divided by 20?
18
Calculate the remainder when 103 is divided by 6.
1
What is the remainder when 388 is divided by 99?
91
What is the remainder when 393 is divided by 123?
24
What is the remainder when 264 is divided by 18?
12
What is the remainder when 477 is divided by 1?
0
What is the remainder when 84 is divided by 12?
0
What is the remainder when 7227 is divided by 656?
11
What is the remainder when 286 is divided by 96?
94
Calculate the remainder when 1228 is divided by 1217.
11
Calculate the remainder when 2144 is divided by 70.
44
What is the remainder when 1262 is divided by 148?
78
Calculate the remainder when 152 is divided by 43.
23
What is the remainder when 9237 is divided by 3071?
24
Calculate the remainder when 754 is divided by 180.
34
What is the remainder when 607 is divided by 38?
37
Calculate the remainder when 1323 is divided by 39.
36
Calculate the remainder when 69 is divided by 22.
3
What is the remainder when 395 is divided by 12?
11
What is the remainder when 10638 is divided by 5317?
4
Calculate the remainder when 13332 is divided by 2219.
18
Calculate the remainder when 1787 is divided by 184.
131
What is the remainder when 874 is divided by 794?
80
What is the remainder when 533 is divided by 91?
78
Calculate the remainder when 175 is divided by 52.
19
What is the remainder when 130 is divided by 12?
10
What is the remainder when 300 is divided by 16?
12
What is the remainder when 720 is divided by 90?
0
Calculate the remainder when 3205 is divided by 32.
5
What is the remainder when 789 is divided by 12?
9
What is the remainder when 229 is divided by 74?
7
Calculate the remainder when 118 is divided by 84.
34
Calculate the remainder when 98 is divided by 11.
10
Calculate the remainder when 181 is divided by 146.
35
What is the remainder when 69 is divided by 21?
6
Calculate the remainder when 2085 is divided by 29.
26
Calculate the remainder when 414 is divided by 22.
18
Calculate the remainder when 242 is divided by 21.
11
Calculate the remainder when 43 is divided by 4.
3
Calculate the remainder when 196 is divided by 73.
50
Calculate the remainder when 99 is divided by 97.
2
Calculate the remainder when 1864 is divided by 102.
28
Calculate the remainder when 170 is divided by 45.
35
Calculate the remainder when 125 is divided by 118.
7
What is the remainder when 1802 is divided by 588?
38
What is the remainder when 168 is divided by 34?
32
What is the remainder when 27 is divided by 26?
1
Calculate the remainder when 69 is divided by 14.
13
Calculate the remainder when 100 is divided by 53.
47
Calculate the remainder when 358 is divided by 63.
43
What is the remainder when 1030 is divided by 86?
84
Calculate the remainder when 352 is divided by 72.
64
Calculate the remainder when 249 is divided by 241.
8
Calculate the remainder when 300 is divided by 287.
13
Calculate the remainder when 205 is divided by 19.
15
What is the remainder when 4871 is divided by 84?
83
What is the remainder when 4812 is divided by 7?
3
What is the remainder when 34 is divided by 19?
15
What is the remainder when 695 is divided by 58?
57
Calculate the remainder when 121 is divided by 36.
13
What is the remainder when 116 is divided by 29?
0
What is the remainder when 7189 is divided by 58?
55
What is the remainder when 1140 is divided by 44?
40
Calculate the remainder when 47 is divided by 32.
15
What is the remainder when 418 is divided by 194?
30
Calculate the remainder when 1562 is divided by 49.
43
Calculate the remainder when 448 is divided by 98.
56
What is the remainder when 213 is divided by 114?
99
What is the remainder when 1228 is divided by 408?
4
What is the remainder when 194 is divided by 41?
30
Calculate the remainder when 116 is divided by 43.
30
What is the remainder when 322 is divided by 54?
52
Calculate the remainder when 11653 is divided by 41.
9
Calculate the remainder when 1102 is divided by 326.
124
What is the remainder when 106 is divided by 11?
7
Calculate the remainder when 237 is divided by 229.
8
Calculate the remainder when 1091 is divided by 18.
11
What is the remainder when 478 is divided by 23?
18
Calculate the remainder when 24 is divided by 14.
10
Calculate the remainder when 37 is divided by 5.
2
Calculate the remainder when 1062 is divided by 46.
4
What is the remainder when 625 is divided by 232?
161
What is the remainder when 758 is divided by 660?
98
What is the remainder when 2807 is divided by 13?
12
Calculate the remainder when 1090 is divided by 14.
12
What is the remainder when 8394 is divided by 27?
24
Calculate the remainder when 77 is divided by 27.
23
Calculate the remainder when 1732 is divided by 4.
0
What is the remainder when 4758 is divided by 14?
12
Calculate the remainder when 1022 is divided by 16.
14
Calculate the remainder when 2153 is divided by 14.
11
Calculate the remainder when 93 is divided by 47.
46
What is the remainder when 25658 is divided by 39?
35
Calculate the remainder when 251 is divided by 32.
27
What is the remainder when 181 is divided by 24?
13
What is the remainder when 535 is divided by 39?
28
What is the remainder when 2146 is divided by 11?
1
What is the remainder when 594 is divided by 151?
141
Calculate the remainder when 378 is divided by 5.
3
Calculate the remainder when 4317 is divided by 9.
6
What is the remainder when 155 is divided by 52?
51
Calculate the remainder when 810 is divided by 74.
70
Calculate the remainder when 161 is divided by 54.
53
What is the remainder when 595 is divided by 6?
1
What is the remainder when 304 is divided by 78?
70
Calculate the remainder when 5317 is divided by 10.
7
What is the remainder when 30 is divided by 14?
2
Calculate the remainder when 2961 is divided by 6.
3
What is the remainder when 363 is divided by 78?
51
Calculate the remainder when 538 is divided by 68.
62
What is the remainder when 145 is divided by 80?
65
Calculate the remainder when 257 is divided by 53.
45
What is the remainder when 576 is divided by 286?
4
Calculate the remainder when 241 is divided by 17.
3
Calculate the remainder when 68 is divided by 5.
3
Calculate the remainder when 832 is divided by 403.
26
What is the remainder when 2967 is divided by 22?
19
Calculate the remainder when 1298 is divided by 50.
48
Calculate the remainder when 86 is divided by 23.
17
What is the remainder when 143 is divided by 61?
21
What is the remainder when 127 is divided by 62?
3
What is the remainder when 1016 is divided by 12?
8
Calculate the remainder when 1393 is divided by 93.
91
Calculate the remainder when 14538 is divided by 4842.
12
What is the remainder when 1578 is divided by 14?
10
What is the remainder when 3365 is divided by 35?
5
Calculate the remainder when 27 is divided by 18.
9
What is the remainder when 2000 is divided by 77?
75
What is the remainder when 875 is divided by 44?
39
Calculate the remainder when 28 is divided by 10.
8
Calculate the remainder when 1432 is divided by 407.
211
What is the remainder when 20626 is divided by 36?
34
What is the remainder when 520 is divided by 105?
100
What is the remainder when 250 is divided by 88?
74
What is the remainder when 196 is divided by 3?
1
Calculate the remainder when 346 is divided by 25.
21
What is the remainder when 1977 is divided by 43?
42
Calculate the remainder when 370 is divided by 3.
1
What is the remainder when 3445 is divided by 9?
7
Calculate the remainder when 877 is divided by 8.
5
What is the remainder when 1368 is divided by 84?
24
What is the remainder when 52 is divided by 11?
8
Calculate the remainder when 2400 is divided by 218.
2
Calculate the remainder when 111 is divided by 19.
16
What is the remainder when 37190 is divided by 77?
76
What is the remainder when 569 is divided by 22?
19
Calculate the remainder 